 455?
361
Calculate the remainder when 73164 is divided by 29.
26
What is the remainder when 338776 is divided by 354?
352
What is the remainder when 1984875 is divided by 23?
21
Calculate the remainder when 153987 is divided by 24.
3
Calculate the remainder when 1576 is divided by 379.
60
Calculate the remainder when 19330 is divided by 6425.
55
What is the remainder when 9876 is divided by 2462?
28
Calculate the remainder when 638817 is divided by 540.
537
Calculate the remainder when 35647 is divided by 115.
112
What is the remainder when 12557 is divided by 79?
75
What is the remainder when 314 is divided by 174?
140
What is the remainder when 26584 is divided by 8861?
1
Calculate the remainder when 878 is divided by 8.
6
Calculate the remainder when 548 is divided by 22.
20
Calculate the remainder when 19980 is divided by 97.
95
Calculate the remainder when 1186 is divided by 141.
58
Calculate the remainder when 1476 is divided by 1430.
46
Calculate the remainder when 4443 is divided by 183.
51
Calculate the remainder when 749279 is divided by 420.
419
Calculate the remainder when 156 is divided by 6.
0
What is the remainder when 31669 is divided by 1623?
832
Calculate the remainder when 21195 is divided by 400.
395
What is the remainder when 76235 is divided by 9526?
27
What is the remainder when 9433 is divided by 80?
73
What is the remainder when 3125 is divided by 446?
3
What is the remainder when 986 is divided by 376?
234
What is the remainder when 71006 is divided by 23666?
8
Calculate the remainder when 2347 is divided by 356.
211
What is the remainder when 44644 is divided by 25?
19
What is the remainder when 27146 is divided by 85?
31
What is the remainder when 1562259 is divided by 15?
9
Calculate the remainder when 7155 is divided by 970.
365
Calculate the remainder when 95225 is divided by 33.
20
Calculate the remainder when 2979313 is divided by 135.
133
What is the remainder when 119550 is divided by 59770?
10
Calculate the remainder when 671185 is divided by 65.
60
Calculate the remainder when 55271 is divided by 89.
2
What is the remainder when 1491 is divided by 241?
45
What is the remainder when 4941 is divided by 16?
13
What is the remainder when 116757 is divided by 840?
837
What is the remainder when 6960895 is divided by 938?
935
What is the remainder when 46356 is divided by 77?
2
Calculate the remainder when 25603504 is divided by 1889.
1887
What is the remainder when 17691 is divided by 112?
107
What is the remainder when 188163 is divided by 31?
24
What is the remainder when 3744 is divided by 588?
216
Calculate the remainder when 4346 is divided by 36.
26
Calculate the remainder when 33443 is divided by 3.
2
Calculate the remainder when 4625 is divided by 63.
26
What is the remainder when 8630 is divided by 4241?
148
What is the remainder when 12099 is divided by 853?
157
Calculate the remainder when 42306 is divided by 36.
6
What is the remainder when 314159 is divided by 308?
307
What is the remainder when 8009 is divided by 91?
1
Calculate the remainder when 23109 is divided by 7562.
423
Calculate the remainder when 543 is divided by 152.
87
Calculate the remainder when 307683 is divided by 1985.
8
Calculate the remainder when 28416 is divided by 666.
444
What is the remainder when 135312 is divided by 48?
0
What is the remainder when 4573 is divided by 394?
239
Calculate the remainder when 2210 is divided by 1482.
728
What is the remainder when 12014 is divided by 107?
30
Calculate the remainder when 177 is divided by 53.
18
Calculate the remainder when 721031 is divided by 1613.
20
What is the remainder when 65 is divided by 29?
7
What is the remainder when 34187 is divided by 417?
410
Calculate the remainder when 1449091 is divided by 1452.
1447
Calculate the remainder when 7823 is divided by 7591.
232
Calculate the remainder when 3321 is divided by 53.
35
Calculate the remainder when 90297 is divided by 11274.
105
What is the remainder when 1045 is divided by 33?
22
Calculate the remainder when 1757 is divided by 332.
97
Calculate the remainder when 171167 is divided by 687.
104
Calculate the remainder when 105844 is divided by 404.
400
What is the remainder when 6542 is divided by 119?
116
Calculate the remainder when 2774 is divided by 2369.
405
Calculate the remainder when 6464 is divided by 65.
29
What is the remainder when 944 is divided by 284?
92
Calculate the remainder when 34184 is divided by 159.
158
What is the remainder when 394509 is divided by 2044?
17
What is the remainder when 2160 is divided by 102?
18
What is the remainder when 75782 is divided by 18943?
10
Calculate the remainder when 51786 is divided by 42.
0
Calculate the remainder when 4389 is divided by 739.
694
What is the remainder when 57224 is divided by 5713?
94
What is the remainder when 18639 is divided by 7?
5
Calculate the remainder when 3549038 is divided by 20.
18
What is the remainder when 796596 is divided by 25?
21
What is the remainder when 2113 is divided by 341?
67
What is the remainder when 3857 is divided by 1281?
14
What is the remainder when 20611 is divided by 1030?
11
Calculate the remainder when 4089 is divided by 3.
0
What is the remainder when 74215 is divided by 87?
4
Calculate the remainder when 11595 is divided by 184.
3
Calculate the remainder when 294094 is divided by 449.
448
What is the remainder when 62156 is divided by 20715?
11
Calculate the remainder when 1994 is divided by 118.
106
What is the remainder when 3681 is divided by 50?
31
What is the remainder when 2783 is divided by 2675?
108
What is the remainder when 597423 is divided by 180?
3
What is the remainder when 104010 is divided by 4?
2
Calculate the remainder when 7583 is divided by 402.
347
Calculate the remainder when 1974 is divided by 86.
82
Calculate the remainder when 7584 is divided by 1406.
554
Calculate the remainder when 16205 is divided by 16.
13
What is the remainder when 103530 is divided by 362?
360
Calculate the remainder when 1185767 is divided by 129.
128
Calculate the remainder when 34095 is divided by 17014.
67
What is the remainder when 16606 is divided by 302?
298
What is the remainder when 2965 is divided by 1458?
49
What is the remainder when 13035 is divided by 4312?
99
Calculate the remainder when 320453 is divided by 9.
8
What is the remainder when 39362 is divided by 5?
2
Calculate the remainder when 964034 is divided by 964024.
10
Calculate the remainder when 1732 is divided by 999.
733
Calculate the remainder when 667086 is divided by 346.
344
What is the remainder when 98277 is divided by 29?
25
Calculate the remainder when 36017 is divided by 474.
467
Calculate the remainder when 8495 is divided by 17.
12
What is the remainder when 183240 is divided by 23?
22
Calculate the remainder when 130671 is divided by 2042.
2025
What is the remainder when 21744 is divided by 1834?
1570
What is the remainder when 2718 is divided by 476?
338
What is the remainder when 10887 is divided by 42?
9
Calculate the remainder when 3875 is divided by 398.
293
What is the remainder when 1348680 is divided by 59?
58
What is the remainder when 8017 is divided by 7842?
175
Calculate the remainder when 38940 is divided by 10.
0
What is the remainder when 23785 is divided by 47?
3
Calculate the remainder when 11181 is divided by 860.
1
Calculate the remainder when 17938 is divided by 65.
63
What is the remainder when 59255 is divided by 29618?
19
Calculate the remainder when 11519 is divided by 606.
5
What is the remainder when 4628 is divided by 420?
8
Calculate the remainder when 1199 is divided by 546.
107
What is the remainder when 30877 is divided by 72?
61
What is the remainder when 9025 is divided by 1803?
10
What is the remainder when 205841 is divided by 549?
515
Calculate the remainder when 451521 is divided by 122.
121
What is the remainder when 13589 is divided by 755?
754
What is the remainder when 582 is divided by 294?
288
What is the remainder when 568864 is divided by 14?
2
Calculate the remainder when 172 is divided by 54.
10
Calculate the remainder when 987 is divided by 861.
126
What is the remainder when 18902 is divided by 139?
137
Calculate the remainder when 1170 is divided by 426.
318
Calculate the rema